rmine d(5).
-1
Let u = -9 + 5. Let c(w) = 2*w. Let m(k) = 2*k - 1. Let l(x) = u*c(x) + 5*m(x). Give l(4).
3
Let s(n) be the first derivative of -1/4*n**4 + 1 - 1/2*n**2 + 3*n + 2*n**3. Suppose -30 = -5*d - 4*m, 4*d - m + 3*m - 24 = 0. Determine s(d).
-3
Let y(u) = -3*u - 6. Let m be (-2 - -5) + (-8)/1. Let k be y(m). Let g = k + -7. Let f(w) = 2*w**2 - 4*w + 3. Calculate f(g).
3
Let w(b) be the third derivative of -b**4/24 + 5*b**3/6 - 2*b**2. Determine w(6).
-1
Let w(j) = 2 - 6 - 2*j + 2. Calculate w(-5).
8
Let p(a) = a + 6. Let z(f) = f - 1. Let r(u) = p(u) + 4*z(u). Let d = -9 + 5. Let y be d - (1 - 0)*-2. What is r(y)?
-8
Let h(d) = -d**3 - 37*d**2 + d + 0*d + 37*d**2 - 7. Calculate h(0).
-7
Let w(j) = -j**3 - 6*j**2 - 5*j + 1. Let v = 56 - 36. Suppose -v = -3*x + 8*x. Calculate w(x).
-11
Let u(c) = -4*c**3 + 6*c**3 + 2*c**2 - 2*c - c - 2. Let l(r) = -r**2 - 10*r - 11. Let y be l(-9). Determine u(y).
-4
Suppose -4*u + 20 = 0, -2*v = -5*u + 6*u + 15. Let q(z) = -z**2 - 9*z + 3. Calculate q(v).
-7
Suppose -25 = 5*g, -2*b + 0 = g + 1. Let n(o) = 3*o - o**b - 2*o + 3*o**2. Let a = -137 - -138. What is n(a)?
3
Let r(s) be the first derivative of -11*s**4/4 + s**3 - 11*s**2/2 + 9*s - 3. Let b(l) = 4*l**3 - l**2 + 4*l - 3. Let t(y) = 8*b(y) + 3*r(y). What is t(0)?
3
Suppose 3 = y + 2. Suppose 13 = 3*j + y. Let p(q) = 4*q - 6. Give p(j).
10
Let l(d) = -3*d - 2*d + d + d**3 - 6*d**2 + 3 + 4. What is l(6)?
-17
Let s(m) = m**3 - 6*m**2 - 8*m + 9. Let d be s(7). Let c(u) = -3*u**3 - u - 5 - u + d*u**3 + 5*u**2. Determine c(4).
3
Let y(a) = -a**3 + 3*a**2 + 2*a + 1. Let m be y(4). Let z(f) = 8*f + 2. Let p(v) = 3*v + 1. Let i(j) = m*p(j) + 2*z(j). Calculate i(-2).
7
Let g(w) be the second derivative of w**6/120 + w**5/30 - w**4/4 - w**3/6 - 7*w**2/2 - 4*w. Let o(q) be the first derivative of g(q). Determine o(-4).
-9
Let z(l) = 8*l**2 - 3*l + 11. Let o(j) = 3 + 4 - 3*j + 3 + 7*j**2. Let p(b) = -7*o(b) + 6*z(b). Give p(5).
-14
Suppose 0*z + 9 = 3*z + 3*d, d = -4*z + 6. Let u(g) = -6*g**2 - 4*g + 1. Suppose -3*o - o = 4. Let y(l) = l**2 + l. Let v(j) = o*u(j) - 4*y(j). Calculate v(z).
1
Suppose 0 = -3*z - 2*j + 11, 2*j + 5 = z + 4*j. Let l(y) be the third derivative of -z*y**2 + 0*y + 0 + 1/8*y**4 + 1/6*y**3. Determine l(-3).
-8
Suppose 0 = w - 2*b - 8, 4*w = 4*b + 16 - 0. Let j(h) = h**3 + h**2 + 2. Determine j(w).
2
Suppose 39 = 2*z + 13. Suppose -3*h - 4*u = -17, -3*h + 0*u - 2*u = -z. Let g(j) = 3 - 5*j + j**2 + 0*j**2 + 0*j. Calculate g(h).
-3
Let n = 175 + -172. Let w(v) = v**3 - 4*v**2 - v + 4. Determine w(n).
-8
Let z = -35 - -37. Let w = 3 + -1. Let b(i) = 3*i**2 + 0*i**3 + i**3 - z - 6*i**w + i - 3*i. Determine b(4).
6
Suppose 4*w - 5*l + 3*l - 2 = 0, 17 = -w + 4*l. Let m(q) = -7*q**2 + 6*q + 11. Let v(t) = -3*t**2 + 3*t + 5. Let o(g) = -2*m(g) + 5*v(g). Determine o(w).
3
Let g(z) = 2*z**3 - 6*z**2 - z - 2. Let r(o) = 5*o**3 - 18*o**2 - 4*o - 6. Let d(u) = 8*g(u) - 3*r(u). Determine d(-5).
7
Let k be 3/(-4) - 75/(-20). Suppose 5*c + k*v - 12 = v, 0 = -2*c + 2*v + 2. Let p(g) = -2*g + 2. Give p(c).
-2
Let n(t) be the third derivative of -t**7/630 - t**6/720 - t**5/30 + 2*t**2. Let c(i) be the third derivative of n(i). What is c(1)?
-9
Suppose 16 = -4*n, -5*x - 4*n = -1 + 7. Let m(l) = l**2 + 5*l + 6. Let q be m(-4). Let j(k) = -2*k + 3*k + 2 + 0 - 3*k**q + x*k**2. Determine j(-2).
-4
Suppose t = 2*t. Let y(p) = -6*p + 8 + 4 + 7*p - 3. Determine y(t).
9
Let u(b) = b**2 + 6*b + 1. Let f be 2*((-6)/(-15))/((-12)/75). Calculate u(f).
-4
Let w(b) = b**3 + 8*b**2 + 8. Let p(r) = -3*r**3 + 5*r**2 - 2*r. Let c be p(2). What is w(c)?
8
Let x = 2 - 4. Let f = x - -5. Let b(u) = u**3 - 3*u**2 + 3*u + 2. Give b(f).
11
Let r(n) be the third derivative of -n**4/24 + 2*n**3/3 - n**2. Let a be ((-5)/(-15))/((-1)/12). Calculate r(a).
8
Suppose -4*t - 4 = -5*t. Let z(u) be the first derivative of u**4/4 - 5*u**3/3 + 5*u**2/2 - u + 2. What is z(t)?
3
Let s be -3 + 5 + 0 + -2. Let r(m) be the third derivative of s + 1/10*m**5 + 0*m - m**2 - m**3 - 1/12*m**4 + 1/120*m**6. Give r(-6).
6
Let h(j) be the first derivative of -5*j**2/2 + 5*j + 9. Determine h(6).
-25
Let x(j) = -j**3 - j**2 + 4. Let l be x(0). Suppose -3*n = -4*t + 2*t + 6, -2*n = -4*t + l. Let u(w) = w**3 + 2*w**2 + 4*w + 2. What is u(n)?
-6
Let q(a) = -2*a**2 - 1. Suppose 5*y - 40 = 5*w, 3*w + y = -3 - 5. Let l = w - -3. Calculate q(l).
-3
Let p = -34 + 40. Let d(i) = -i**3 + 7*i**2 - 7*i + 4. What is d(p)?
-2
Let k(f) = 38*f + 47*f - 81*f + f**2 - 5. Calculate k(-6).
7
Let a(h) = h**2 + 4*h - 3. Suppose 2*j - j + 4 = 0. Let w be a(j). Let n(o) = -o**3 - 4*o**2 - 3*o - 2. What is n(w)?
-2
Let x(f) be the second derivative of f**5/20 + f**4/3 + 5*f**3/6 + 2*f**2 + f. Suppose 0 = 3*y - 3*i + 24, -5 = -4*i + 3*i. Give x(y).
-2
Let o be -12*((-20)/(-6) + -3). Let f(y) = -y**3 - 6*y**2 - 6*y - 4. Determine f(o).
-12
Let p(i) = i**3 - 3*i**2 - 2*i - 4. Let y = -9 - -3. Let f = y - -10. Give p(f).
4
Let d(r) = -r - 3. Let j be 2/(-2 + 6)*4. Let a = j + -1. Let i be (3/4)/(a/4). Give d(i).
-6
Let w = 7 - 6. Let h(t) = -w + 0 + 4*t - 2*t**2 - t. Give h(2).
-3
Let q(n) be the second derivative of -n**4/4 - n**3/2 - n**2 - 64*n. What is q(-3)?
-20
Let g = -7 + 5. Let d be g/(-3) - (-4)/3. Let s(y) = y - 3 + 1 + y**d + 0*y. Determine s(-3).
4
Let z be ((-2)/(-1) - 1) + 3. Suppose 0 = -9*n + z*n - 5. Let x(t) = -1. Let r(u) = -u + 3. Let c(y) = r(y) + 4*x(y). Calculate c(n).
0
Let w(f) be the third derivative of f**5/60 + f**4/24 + f**3/3 - 16*f**2. Give w(0).
2
Suppose -6 = -a - 2*a. Let j(m) = 2*m**2 - 4*m + 2. Give j(a).
2
Suppose 3*r - 17 = 25. Let a be (0 - 2)/(r/21). Let o(h) = -h**3 - 3*h**2 - 2*h + 1. Calculate o(a).
7
Let o(g) = 2*g + 7. Let b(p) = p + 3. Let a(y) = -9*b(y) + 4*o(y). Let r be -6 + (-3 - (-6)/1). What is a(r)?
4
Suppose -2*p = -5*b + 3*b + 10, 2*b = 4*p + 14. Suppose -5*y - 1 = t - 12, -23 = -y + 5*t. Let w(j) = 1 - 2 + j**y - j + 0*j. Determine w(p).
-7
Let l = -5 - -8. Let i be (l + -2)/(2/(-22)). Let w = 7 + i. Let h(p) = -p**2 - 5*p - 1. What is h(w)?
3
Suppose -4*a - 23 = -i, 8 = -3*a - 7. Let k = 7 - i. Let o(m) = m**3 - 4*m**2 + 4. Calculate o(k).
4
Let l = 125 + -122. Let n(h) be the first derivative of 2*h + 3 + 1/4*h**4 + 3/2*h**2 - h**l. Determine n(3).
11
Let y(c) be the first derivative of c**4/4 + c**3/3 + c**2/2 + c - 2. Let j(h) = 10*h**3 - 6*h**2 - 6*h - 5. Let n(u) = -j(u) - 6*y(u). Calculate n(-1).
15
Let s = -29 - -28. Let b(i) = 2*i - 1. Determine b(s).
-3
Suppose -11 = 5*s + 9. Let m = 3 + 4. Let i(n) = -5*n**2 + 17*n - 11. Let c(a) = 3*a**2 - 9*a + 6. Let g(w) = m*c(w) + 4*i(w). Calculate g(s).
-6
Let h(j) = -j**2 - 5*j - 3. Let k be h(-2). Let m(c) = -c**3 + c**2 + 2*c + 1. Calculate m(k).
-11
Suppose 17*m = 13*m - 16. Let c(u) = u**3 + 5*u**2 + 5*u - 1. Calculate c(m).
-5
Let y(i) = -i**2. Suppose -d = 3*d. Let o = -2 + d. Calculate y(o).
-4
Suppose 0*j + 4*j = 3*q + 80, 2*q = j - 45. Let t be 2/(-5) + 32/q. Let r(d) = d**3 - d**2 - d + 2. What is r(t)?
-8
Suppose 5*m - a + 5 = -21, -m = -4*a + 9. Let p = m + 1. Let i(n) = -2*n + n**3 - 1 + 3*n**2 - 3 + 0. What is i(p)?
-12
Let i be (0 + 1)*5/(-1). Let t(m) = -10 + m**3 + 4*m**2 + 2*m + 8 - 6*m. Determine t(i).
-7
Let d(c) = c - 6. Let t(q) be the third derivative of q**3/6 + 4*q**2. Let v(k) = -k**2 - 8*k + 3. Let y(z) = -6*t(z) + v(z). Let f be y(-7). Determine d(f).
-2
Let n(r) be the third derivative of 1/24*r**4 + 0*r**3 + 0 - 4*r**2 + 0*r. Give n(-6).
-6
Let a(z) be the second derivative of z**3/2 + z**2/2 + z. Suppose 2*p - g + 6 = 0, 0*g - 4*g = -4*p - 4. Let n be p - 1*(0 + -2). Give a(n).
-8
Let k be 50/(-15)*(-6)/4. Let d = k - 4. Let v(n) = 8*n**2 - 1. Calculate v(d).
7
Let a(v) = -4*v + 5. Let t(w) = -w + 1. Let u(g) = g - 7. Let c be u(8). Let y(h) = c*a(h) - 5*t(h). Let m be (1*-2 + 5)*1. Give y(m).
3
Suppose -3 = -2*c - 7. Let k(u) = 1 - 2*u - 2*u**2 + 1 - 2*u**2 - 2*u**3. What is k(c)?
6
Let l(p) = 27*p - 1 - 50*p + 31*p. What is l(1)?
7
Let f be (60/8)/(-5)*(-16)/6. Let n(c) = -2*c - 3 + 3 + 1. Give n(f).
-7
Suppose 12 = 3*r - r. Let m be (-2)/r + (-26)/(-6). Suppose 4*c - m*o = -o - 17, -4*o = 2*c + 14. Let n(h) = h**2 + 7*h + 7. What is n(c)?
-3
Let o = 2 - 2. Let y(t) = t**3 + 6*t**2 + t. Le